t is the highest common factor of 27056589 and 6972?
1743
Calculate the highest common factor of 292951 and 40379.
271
What is the highest common divisor of 40053680 and 80?
80
What is the highest common divisor of 27398 and 24733184?
1442
Calculate the highest common divisor of 33600 and 18030.
30
Calculate the greatest common divisor of 516 and 618512.
172
What is the greatest common divisor of 6 and 11108052?
6
Calculate the greatest common divisor of 51018 and 37323.
33
Calculate the highest common divisor of 5904 and 16532.
4
What is the highest common factor of 135998954 and 224?
14
What is the highest common divisor of 560 and 89883430?
70
What is the highest common divisor of 3010 and 96733875?
1505
What is the highest common divisor of 4958 and 371984?
134
What is the greatest common divisor of 21618 and 41402073?
3603
What is the greatest common factor of 34500870 and 1080?
270
What is the highest common divisor of 15240990 and 72?
6
Calculate the highest common divisor of 435992 and 8.
8
Calculate the greatest common divisor of 814 and 1283246580.
814
What is the highest common divisor of 838278 and 3573?
9
Calculate the greatest common factor of 147836335 and 85.
85
What is the greatest common factor of 18165880 and 80?
40
What is the greatest common divisor of 949 and 1720391?
73
What is the highest common divisor of 830588 and 753489?
473
What is the greatest common factor of 2700 and 63012276?
108
What is the highest common factor of 9096640 and 2088160?
4960
What is the greatest common divisor of 3597 and 3162?
3
Calculate the highest common factor of 147211349 and 107.
107
What is the highest common factor of 3802644 and 1431?
477
What is the greatest common factor of 33 and 1380419667?
33
What is the greatest common factor of 51 and 210925460?
17
Calculate the greatest common factor of 5070575 and 200.
25
Calculate the greatest common factor of 2862 and 3660498.
2862
Calculate the highest common divisor of 5328 and 112717392.
1776
Calculate the highest common divisor of 390 and 149545350.
30
Calculate the highest common factor of 9784400 and 5.
5
Calculate the highest common divisor of 4923325 and 2035.
55
Calculate the highest common factor of 5220 and 108663435.
1305
What is the highest common divisor of 8901 and 5499162?
207
Calculate the highest common factor of 344 and 1416696.
8
Calculate the highest common divisor of 14338683 and 64377.
207
Calculate the greatest common factor of 912024 and 1015056.
3816
What is the greatest common factor of 5654165 and 7805?
1115
What is the highest common factor of 3018 and 3747350?
1006
What is the highest common factor of 5575 and 627075?
25
What is the greatest common factor of 2987738 and 143?
13
What is the highest common factor of 29010324 and 378?
42
What is the greatest common divisor of 2212 and 7904764?
28
Calculate the greatest common factor of 46179900 and 27629.
3947
Calculate the greatest common divisor of 3601280 and 307830.
3310
What is the highest common factor of 31010 and 89390?
70
Calculate the greatest common factor of 764594 and 463901.
887
What is the greatest common factor of 16430645 and 77?
77
What is the greatest common divisor of 1034 and 3480213418?
1034
What is the greatest common divisor of 12502304 and 114?
38
What is the highest common divisor of 358487359 and 41502?
6917
Calculate the greatest common divisor of 823634325 and 7695.
7695
Calculate the greatest common factor of 691927 and 212251.
563
Calculate the greatest common factor of 3235804 and 658372.
572
Calculate the highest common divisor of 55176101 and 47056.
2941
Calculate the highest common factor of 142569 and 108531.
279
What is the highest common divisor of 28263204 and 7632?
1908
Calculate the highest common divisor of 1594974 and 22743.
57
Calculate the highest common factor of 806 and 6873971.
403
Calculate the greatest common factor of 6615156 and 13542.
222
What is the greatest common factor of 77 and 463727?
11
Calculate the greatest common divisor of 1911456 and 702.
18
What is the highest common divisor of 9779508 and 39744?
2484
What is the greatest common divisor of 4243661 and 108781?
601
Calculate the greatest common divisor of 3368 and 30434932.
1684
What is the highest common divisor of 600 and 7670550?
150
What is the greatest common divisor of 19 and 72886033?
19
What is the highest common divisor of 11553539 and 16264?
2033
Calculate the highest common divisor of 67522 and 2756.
1378
Calculate the greatest common divisor of 13 and 12367810.
13
Calculate the highest common divisor of 35930030 and 20.
10
What is the greatest common factor of 8563364 and 1548?
172
Calculate the highest common factor of 37 and 1329111225.
37
Calculate the greatest common divisor of 64918720 and 1480.
1480
Calculate the greatest common factor of 38986089 and 44664.
5583
Calculate the greatest common divisor of 41347 and 95842.
173
Calculate the greatest common factor of 168289 and 223.
1
What is the greatest common factor of 2253080 and 10385?
155
Calculate the greatest common divisor of 161 and 2191854.
161
Calculate the highest common divisor of 2540 and 307694330.
1270
Calculate the greatest common divisor of 4590875 and 95.
95
Calculate the highest common divisor of 1718 and 297718.
2
Calculate the greatest common divisor of 486 and 3514023.
243
Calculate the highest common factor of 125854625 and 205.
205
What is the greatest common divisor of 15624 and 106344?
504
Calculate the highest common divisor of 194685015 and 45.
15
Calculate the highest common factor of 20720 and 168698096.
4144
Calculate the greatest common divisor of 256 and 40316288.
128
What is the highest common factor of 23839 and 1845600?
769
What is the highest common factor of 172381113 and 5112?
639
What is the highest common divisor of 4006033 and 116165?
3319
Calculate the greatest common factor of 4944860 and 60.
20
What is the greatest common factor of 1571157 and 99603?
3213
Calculate the greatest common divisor of 144 and 61875.
9
Calculate the greatest common factor of 6940730 and 339470.
4090
Calculate the highest common divisor of 5048118 and 9306.
18
What is the greatest common factor of 3231 and 89908678?
359
What is the greatest common divisor of 1822506 and 966?
42
What is the greatest common factor of 10296 and 3552912?
792
Calculate the highest common factor of 1264 and 523892.
4
What is the highest common divisor of 99952 and 22688?
16
What is the highest common factor of 269170500 and 500?
500
Calculate the greatest common divisor of 611 and 1146275.
13
What is the greatest common divisor of 437 and 730033409?
437
Calculate the greatest common factor of 194404 and 3827558.
1834
What is the highest common divisor of 464768 and 26968?
8
Calculate the greatest common factor of 1848548 and 10868.
988
What is the greatest common factor of 357 and 3070050060?
357
Calculate the highest common factor of 382335260 and 100.
20
What is the highest common divisor of 20128 and 929662?
1258
Calculate the highest common divisor of 15520526 and 28.
14
Calculate the highest common divisor of 119991 and 1000776.
2553
What is the greatest common divisor of 6129630 and 1054?
62
What is the greatest common divisor of 216060 and 47190?
390
Calculate the greatest common factor of 23443121 and 104.
13
What is the greatest common divisor of 7 and 5999609?
7
Calculate the greatest common divisor of 132480 and 2092356.
828
Calculate the highest common factor of 33638 and 1419.
11
Calculate the highest common divisor of 1617 and 9615221.
539
What is the highest common divisor of 15582 and 771786?
318
Calculate the highest common factor of 2157094 and 5522.
502
Calculate the highest common factor of 2258972 and 1072.
268
What is the highest common factor of 437 and 482087?
19
What is the highest common factor of 2569366 and 82?
2
What is the greatest common factor of 60515 and 287413?
133
Calculate the highest common divisor of 262856 and 222024.
2552
What is the greatest common divisor of 3069 and 5188788?
99
Calculate the highest common divisor of 100661540 and 350.
70
What is the highest common factor of 80470580 and 752?
188
Calculate the highest common factor of 2105789 and 8645.
133
What is the highest common divisor